2. Suppose r + 45 = 5*v - 4*r, -2*v - 5*r - 10 = 0. Let y be c(v). What is the greatest common divisor of i and y?
2
Let x(q) = 2*q**3. Let l be x(2). Suppose -2*d + 0*d + 5*c = -18, -4*d + 5*c + 26 = 0. What is the highest common divisor of d and l?
4
Let z(r) = r**2 + 4*r + 3. Let h be z(-2). Let j = 6 + h. Suppose j*l + 0*l - m - 1373 = 0, 2*l = -m + 552. What is the highest common divisor of l and 25?
25
Let c = -357 + 602. Suppose 65 = -5*u + c. Suppose -3*k - 3*w = w - 56, k + 8 = 4*w. Calculate the greatest common factor of k and u.
12
Let z = -2 + 4. Suppose -16*u + 11*u = -40. Calculate the highest common factor of u and z.
2
Let j be (-50)/15*3*-36. What is the greatest common factor of j and 40?
40
Suppose -5*f = -3*m - 17, -3*m + 4*m + 7 = 3*f. Suppose j + f = -2*a - 0, a = -5*j + 40. What is the greatest common divisor of 9 and j?
9
Let y be 1 - (2 - -2 - 8). Suppose -z - 3*a = -0*a - 6, 3*z + y*a = 18. Suppose 0 = i - 2*i + 18. Calculate the greatest common divisor of i and z.
6
Suppose -5*j + 3*s = 4, 3 = 4*j + s + 13. Let q be (4/(-5))/(j/20). Suppose 3*p = 5 + 31. What is the greatest common factor of q and p?
4
Suppose 4*w = -v - 0*w - 14, 16 = 4*v - 2*w. What is the greatest common divisor of v and 4?
2
Suppose -2*r + 4*a + 20 = -4*r, -5*a - 25 = 0. Let k(g) = g**2 - 2*g + 16. Let f be k(r). What is the highest common divisor of 32 and f?
16
Suppose -2*y + 18 = -0*y. Let o(d) = -d + 12. Let k be o(y). Suppose z - 31 - 33 = -k*i, 320 = 5*z + i. Calculate the greatest common divisor of 8 and z.
8
Let k be (18/21)/(1/7). Let j(w) = -w**3 + 10*w**2 - 9*w - 13. Let n be j(9). Let b = n + 28. Calculate the greatest common factor of b and k.
3
Suppose 7*f - 3*h + 280 = 2*f, f + 84 = -5*h. Let b = f + 119. Calculate the greatest common divisor of 12 and b.
12
Let r be 4/(-4)*(-10 - -1). Let a(d) = -d**2 + 9*d + 4. Let c be a(r). Let h = 8 - c. What is the greatest common divisor of 44 and h?
4
Let z = -7 - -4. Let c be z - 27/6*-24. What is the greatest common factor of 42 and c?
21
Let u be (-2)/7 - 19/7. Let n = 18 + u. Let g(y) = 2*y**3 - 7*y**2 - 7*y - 3. Let a be g(6). Calculate the greatest common factor of n and a.
15
Let u(i) = -i + 41. Let r be u(25). Suppose 7 + 5 = 3*x. Calculate the highest common divisor of x and r.
4
Let h(k) = k**3 - 8*k**2 + 15*k - 15. Let b be h(6). What is the highest common divisor of 1 and b?
1
Suppose 7*o - 2*o + 3*a = 30, 2*o = -2*a + 8. What is the highest common factor of 2 and o?
1
Let q = -27 - -22. Let f be 2/10 - 39/(-5). Let u be (-700)/f*4/q. What is the greatest common factor of 10 and u?
10
Suppose 14 + 70 = 3*a. Suppose 2*w - 5*b - 255 = 0, -3*w - b + 440 = 3*b. Suppose 0*t - w = -2*t. What is the greatest common divisor of t and a?
14
Suppose 5 + 835 = -5*m. Let h be 1 - 1 - m/2. Calculate the highest common divisor of h and 21.
21
Let k = 79 - 24. Calculate the greatest common divisor of k and 5.
5
Let h = 73 + -48. Let p = 39 - h. What is the greatest common factor of 7 and p?
7
Suppose 4*m + 24 = 2*q - 0*q, -2*q = -5*m - 27. Suppose 5*z - 1 = -t + 2, -2*z = q. Calculate the greatest common factor of t and 9.
9
Suppose 0*y - 6*y = -378. What is the highest common factor of 21 and y?
21
Let x be (-47 - -2)/((-6)/32). Calculate the highest common factor of x and 15.
15
Let g be 390/9*3/2. Let k = g + -32. Let q be 0 + (-1)/(1/(-3)). What is the greatest common factor of k and q?
3
Let l(w) = -65*w + 3. Let g(f) = -f + 1. Let b(x) = 4*g(x) - l(x). Let v be b(1). Suppose 5*t + 2 = v. Calculate the greatest common divisor of 60 and t.
12
Let z(v) = -v**3 + 2*v**2 + 3*v + 3. Let o be z(3). Suppose o*k = 4*k - 63. What is the greatest common factor of k and 42?
21
Let m(j) = -j**3 - j**2 + 4*j - 2. Let w be m(-6). Let u be (-4)/18 - 230/18. Let h = 1 - u. What is the greatest common factor of h and w?
14
Let j(i) = i**2 - 7*i - 4. Let s be j(8). Suppose s*m - 4*b = m + 58, 21 = m - 3*b. What is the highest common factor of m and 45?
9
Suppose 7*i = 71 + 69. Suppose h = -55 + 275. What is the greatest common divisor of i and h?
20
Let v = -11 + 20. Suppose v*d = 4*d + 65. What is the greatest common divisor of d and 26?
13
Let a(y) = -y + 2. Let f be a(-2). Let t = 104 - -121. Suppose -r - f*r = -t. Calculate the greatest common divisor of r and 5.
5
Let r = 84 + -59. What is the highest common factor of r and 50?
25
Let k be (16/(-8))/(-2 + 1). Suppose 52 = 7*u - 3*u + 3*s, -5*u - k*s = -72. Calculate the greatest common factor of 2 and u.
2
Let r be 38/6 + 2/(-6). Calculate the highest common factor of r and 4.
2
Let f(a) be the first derivative of a**3/3 - a**2/2 - 8*a + 4. Let b be f(8). Calculate the highest common factor of b and 12.
12
Let o(l) = l**2 + l - 1. Let g be 4/(-10) - (-2)/5. Suppose 4*c - 4 = -g. Let k be o(c). Calculate the highest common factor of 1 and k.
1
Suppose 0 = -2*v + 140 + 36. Let r be 0 - (-3)/(6/22). What is the highest common factor of v and r?
11
Let r = -44 + 57. Calculate the highest common divisor of 221 and r.
13
Let c(j) = j + 8. Let w be c(0). Let d(a) = -7*a + 1. Let k be d(-7). Let y be k/6 - (-2)/(-6). Calculate the greatest common divisor of w and y.
8
Let q = -13 + 37. What is the highest common factor of q and 24?
24
Suppose 2*d + 3*h - 141 = d, 0 = -4*h + 12. Suppose g + 36 = 4*g. What is the greatest common divisor of d and g?
12
Let f = 18 - 16. What is the greatest common divisor of f and 10?
2
Let x be (4/(-6))/(2/(-3)). Suppose 14*c = 18*c - 32. Calculate the highest common divisor of c and x.
1
Let v be (-602)/(-8) - 3/(-4). What is the highest common factor of 19 and v?
19
Let s be 0/(6/(-3) - -1). Suppose 0*r - r = s. Suppose r*a = x + a - 9, 3*a = 5*x - 85. What is the highest common factor of 56 and x?
14
Let c be (-418)/(-99) - 4/18. What is the highest common divisor of c and 1?
1
Let y be (-30)/(-18) - (-1)/3. Suppose -3*u + 6 = -d, d = -2*u + 3*u. Let g be (y + (u - 2))*1. Calculate the greatest common factor of 1 and g.
1
Let h(k) = k**2 + 6*k - 10. Let s be h(5). What is the greatest common divisor of s and 18?
9
Let t = -7 - -5. Let q = -18 - -12. Let o be (-27)/q - (-1)/t. What is the greatest common factor of o and 4?
4
Suppose -y = -4*y - 3*n + 51, 3*y + 4*n - 46 = 0. Calculate the highest common factor of 44 and y.
22
Let o be (5 + 25)*12/20. Calculate the greatest common factor of 72 and o.
18
Let a(b) = -12*b + 38. Let w be a(-6). Calculate the greatest common factor of w and 10.
10
Let r be 2 + (-1)/1*-50. Suppose -3*n - 1 = -4. Let f be n*(2 + 11)/1. What is the greatest common divisor of r and f?
13
Suppose 0 = -0*b + 5*b + s - 340, -2*b - 5*s = -136. Calculate the greatest common divisor of b and 17.
17
Let i(s) = -4*s - 4. Let p = 7 + -10. Let h be i(p). What is the highest common divisor of 40 and h?
8
Suppose j + 2 = 3*h - 3, 4*h + 2*j - 20 = 0. What is the greatest common factor of h and 21?
3
Let f = 14 + -7. Calculate the greatest common divisor of f and 42.
7
Let o(m) = -21*m - 6. Let p be o(-5). Let u = -455 + 464. What is the highest common factor of p and u?
9
Let y be -1 - (-2 + -7)/3. Suppose y*x + 55 = 139. What is the highest common divisor of 63 and x?
21
Suppose -3*s + s + 40 = 0. Let x(g) = -4*g - 3. Let d be x(-2). Suppose 0 = -2*u + d*z, 6*u - 2*u - 3*z = 14. What is the greatest common divisor of s and u?
5
Let n = -28 - -40. What is the greatest common divisor of 3 and n?
3
Suppose 1536 = 29*t - 23*t. Calculate the greatest common divisor of t and 16.
16
Suppose -55 + 863 = 3*l - 4*p, 1358 = 5*l - p. Let o = 393 - l. What is the greatest common factor of o and 11?
11
Let f(s) = -s**3 - 8*s**2 - 11*s - 14. Let u be f(-7). What is the highest common factor of u and 35?
7
Suppose s + 3*c - 20 = 0, 2*c - 17 = -s + 3. Let y be (-56)/(-3) - s/30. What is the highest common factor of y and 144?
18
Suppose -89 - 187 = -6*r. What is the greatest common factor of 184 and r?
46
Suppose 2 = -y - 7. Let l(w) = w**2 - 2*w + 11. Let k be l(y). Calculate the greatest common factor of 22 and k.
22
Suppose m - 8 = -2*m - 4*k, 14 = 4*m + 2*k. Calculate the highest common factor of 1 and m.
1
Let j = 62 + -13. What is the greatest common divisor of 294 and j?
49
Let n(u) be the first derivative of u**4/4 + u*